is 101022042 (base 5) in base 3?
202201100200
Convert -318a39 (base 13) to base 15.
-17e354
Convert -3223 (base 13) to base 7.
-26200
What is 3106 (base 11) in base 8?
10030
435676 (base 8) to base 5
14140431
What is 4646764 (base 8) in base 11?
794578
13033113231 (base 4) to base 3
10120102112000
-1cd6b4 (base 14) to base 6
-34111250
28609 (base 14) to base 4
120122001
What is -2a43a (base 12) in base 11?
-40677
-1121303230 (base 4) to base 15
-73ed7
What is 59b50 (base 14) in base 10?
219002
What is -477ab5 (base 14) in base 10?
-2441535
50221341 (base 6) to base 3
2200001100221
What is 19aa442 (base 14) in base 10?
12782394
-2220202010212 (base 3) to base 6
-53115422
1114004144 (base 5) to base 3
11200020200020
What is -111122121021 (base 3) in base 13?
-95401
What is -ab5bc4 (base 13) in base 12?
-142a035
1ad11 (base 14) to base 16
10b43
-132123033 (base 4) to base 11
-856a4
-688537 (base 11) to base 5
-240012402
Convert -1ca452 (base 13) to base 3.
-1101102121121
Convert 405536 (base 11) to base 5.
131322003
1780093 (base 14) to base 11
6604636
Convert 16107577 (base 9) to base 14.
10d2934
-202011212303 (base 4) to base 11
-5053709
-100244 (base 12) to base 13
-89551
Convert -11010100100110100111 (base 2) to base 8.
-3244647
c5cae (base 16) to base 15
1100a8
302433 (base 7) to base 13
1a493
Convert -40514404 (base 6) to base 8.
-4333344
Convert 412795 (base 10) to base 2.
1100100110001111011
Convert -20cd89 (base 16) to base 12.
-8780b5
What is -36123544 (base 7) in base 6?
-152324114
39655 (base 12) to base 13
29a80
-503320410 (base 6) to base 11
-491a392
Convert 109917 (base 10) to base 12.
53739
d295d (base 14) to base 4
1323231313
What is -7139029 (base 10) in base 5?
-3311422104
What is 515354 (base 7) in base 14?
2429b
What is 20120204 (base 5) in base 6?
3235515
12304212 (base 5) to base 3
20001122210
Convert -121c515 (base 15) to base 4.
-301212032231
Convert a12641 (base 11) to base 6.
54523424
What is -946949 (base 13) in base 9?
-6468742
What is -10330331 (base 4) in base 2?
-100111100111101
What is -38760 (base 9) in base 13?
-bb86
5241043 (base 9) to base 3
12021101001110
Convert -322303100 (base 4) to base 7.
-2022116
-1010011110010110 (base 2) to base 3
-2011211222
123031110 (base 6) to base 5
1102233402
What is b695e0 (base 15) in base 5?
4211013320
Convert 552dc8 (base 15) to base 16.
3df2d7
27496a (base 11) to base 10
431078
-1798143 (base 11) to base 12
-1028167
11010011001000111001 (base 2) to base 10
864825
Convert 1400220 (base 6) to base 2.
10011000000010100
Convert 25250340 (base 6) to base 10.
815316
What is -2736025 (base 8) in base 6?
-24252221
624911 (base 16) to base 3
110010020201012
-20b9277 (base 12) to base 8
-27554473
What is -10dcbac (base 14) in base 2?
-11110110000110010110100
What is 274165 (base 14) in base 7?
14344555
What is -8155 (base 14) in base 15?
-68b8
308354 (base 12) to base 4
2321233300
What is -27461143 (base 8) in base 3?
-102122021000020
What is -146198 (base 10) in base 2?
-100011101100010110
Convert 124174 (base 9) to base 6.
1340151
Convert -36406a (base 15) to base 11.
-1513023
Convert -1661210 (base 14) to base 8.
-51731056
What is 10110000000110100 (base 2) in base 6?
1533232
Convert 2555300 (base 7) to base 14.
89600
-1212220000220 (base 3) to base 2
-11110100100011000110
Convert 96c6b (base 13) to base 5.
32203343
Convert 3030444 (base 8) to base 2.
11000011000100100100
Convert a02b2a (base 13) to base 9.
6887725
What is -6ec6ef (base 16) in base 2?
-11011101100011011101111
12ca6 (base 16) to base 12
3865a
What is -57123416 (base 8) in base 10?
-12363534
Convert 44189c (base 13) to base 7.
16424513
Convert -21010121211 (base 3) to base 6.
-3002034
Convert -423233133 (base 6) to base 14.
-db8b3b
What is 10000101110000111011101 (base 2) in base 7?
52154000
What is 6dc7e (base 15) in base 7?
2656463
Convert 240300 (base 6) to base 5.
1131334
Convert 343a23 (base 11) to base 12.
224629
-220102003 (base 4) to base 13
-5a13c
Convert d9ee3 (base 16) to base 10.
892643
What is -2f2247 (base 16) in base 8?
-13621107
Convert 2621535 (base 8) to base 9.
1332264
What is 232430 (base 7) in base 6?
521052
What is 100000111000100001 (base 2) in base 16?
20e21
What is 612157 (base 8) in base 9?
336775
What is -5666500 (base 7) in base 5?
-140041141
Convert 133355513 (base 6) to base 14.
5006c5
215523123 (base 6) to base 7
45162612
What is -11110333113 (base 4) in base 8?
-5247727
1032000002 (base 4) to base 9
536228
What is -56100 (base 13) in base 15?
-31406
What is -3c31c (base 15) in base 13?
-69b61
-2220233 (base 4) to base 10
-10799
-211012020101121 (base 3) to base 10
-11794777
What is -34dba0 (base 14) in base 6?
-102404544
-1007256 (base 10) to base 3
-1220011200210
What is 1116653 (base 8) in base 14?
7c359
What is -195c2b5 (base 13) in base 7?
-130605222
What is 102020244 (base 5) in base 12?
184aa7
-1390c8 (base 13) to base 16
-746f1
Convert 54301014 (base 6) to base 11.
9aa568
-517442 (base 8) to base 3
-22201200100
100301 (base 8) to base 3
1200012210
What is 3235f (base 16) in base 5?
23040123
-5530605 (base 7) to base 6
-22323050
What is 35a576 (base 11) in base 10?
570356
What is 3285583 (base 9) in base 6?
101525550
14100321 (base 6) to base 5
110140312
What is 3302303411 (base 5) in base 6?
411330220
What is -294963 (base 14) in base 6?
-50423523
-232118 (base 10) to base 5
-24411433
2006386 (base 10) to base 16
1e9d72
Convert 2802a45 (base 13) to base 14.
196ab43
What is -25f1b7 (base 16) in base 13?
-690b36
Convert -10162632 (base 7) to base 3.
-1121110212210
What is 220111010210 (base 3) in base 7?
4045110
-12021022020002 (base 3) to base 2
-1010101011110101010110
What is 5034144 (base 6) in base 4?
322020100
-115953 (base 16) to base 8
-4254523
What is -235142051 (base 6) in base 4?
-100331120233
What is 11202010022 (base 3) in base 13?
33689
-101110111011000010111 (base 2) to base 9
-2803118
3443171 (base 8) to base 13
269aa0
Convert 20a160 (base 12) to base 15.
a2990
What is 10111111101110111111010 (base 2) in base 10?
6282746
71a396 (base 11) to base 2
100011010001011000000
Convert -10064652 (base 7) to base 3.
-1120122210020
-1000111011100111 (base 2) to base 15
-ac8d
What is -4a796 (base 11) in base 7?
-422215
10103230330 (base 5) to base 8
46750014
Convert -110980 (base 15) to base 10.
-812145
What is 10244c (base 16) in base 3?
1222202010022
What is 1166063 (base 7) in base 13?
53939
Convert 52323752 (base 8) to base 4.
222122133222
What is -100000001000100010000 (base 2) in base 4?
-10001010100
Convert 1177065 (base 9) to base 5.
131012304
Convert -283b9 (base 16) to base 4.
-220032321
Convert -4325545 (base 7) to base 6.
-15151324
What is -10000110010001110 (base 2) in base 3?
-10111022022
Convert -100011011010111010100101 (base 2) to base 12.
-3139519
What is -912612 (base 10) in base 4?
-3132303210
Convert -99504 (base 13) to base 16.
-43ca7
Convert -34445c (base 15) to base 10.
-2495112
What is 30179c (base 15) in base 16?
22d6d6
Convert 530860 (base 9) to base 4.
1031003232
What is -47215 (base 15) in base 6?
-4505015
What is 30a00 (base 15) in base 11?
a5884
202001120202 (base 3) to base 9
661522
-255401144 (base 6) to base 8
-23123530
Convert -54107 (base 8) to base 2.
-101100001000111
What is -2021120222221 (base 3) in base 7?
-13206322
What is 15b09 (base 14) in base 9?
82434
What is -101102111102 (base 3) in base 12?
-9a90b
-6185bc (base 13) to base 2
-1000101011011001001111
What is 117200 (base 8) in base 5?
2244301
9311a4 (base 12) to base 4
20302123030
What is -dcc1a (base 16) in base 8?
-3346032
Convert -22112020000120 (base 3) to base 4.
-101102110113
Convert 22030d5 (base 14) to base 5.
13113040024
What is 4927304 (base 11) in base 4?
200231123031
What is 10101000111010011001 (base 2) in base 11?
432899
Convert 1491428 (base 15) to base 9.
31011522
Convert 11a53 (base 12) to base 15.
717c
2001101100122 (base 3) to base 10
1090115
Convert -1764396 (base 10) to base 4.
-12232300230
Convert -242435455 (base 6) to base 4.
-101211020123
What is 3ac6d (base 15) in base 2?
101110000000001100
What is 31301211 (base 4) in base 13?
1c8b1
What is 20103232 (base 4) in base 14?
c58a
What is 10100000001110111000 (base 2) in base 14?
131276
-1004242132 (base 